63137?
False
Is 19279776 a multiple of 731?
False
Is 32040344 a multiple of 35?
False
Is 1698 a factor of 292443144?
True
Does 10 divide 1858428140?
True
Is 938516320 a multiple of 620?
True
Is 3 a factor of 498566884?
False
Does 402 divide 2727972?
True
Is 546 a factor of 499369420?
False
Does 12 divide 1805074644?
True
Does 12 divide 1290417846?
False
Does 36 divide 1029670632?
True
Is 118691667 a multiple of 1769?
False
Is 288 a factor of 1190261922?
False
Is 16 a factor of 422108296?
False
Does 415 divide 16714540?
True
Does 76 divide 159015712?
True
Is 414026996 a multiple of 78?
False
Does 135 divide 23106200?
False
Does 124 divide 130017100?
True
Does 1279 divide 25089002?
False
Does 101 divide 15789446?
False
Does 117 divide 1521621?
False
Does 16 divide 583371264?
True
Is 2817 a factor of 184590827?
False
Does 41 divide 14495058?
True
Does 141 divide 57469425?
False
Does 242 divide 216818800?
False
Is 97253064 even?
True
Is 59 a factor of 8123564?
False
Is 78729875 a multiple of 7?
True
Is 356 a factor of 119938536?
True
Does 83 divide 136720422?
True
Is 397 a factor of 11340374?
False
Is 1489331197 a multiple of 6060?
False
Is 386 a factor of 388659000?
False
Does 65 divide 331171601?
False
Is 129603852 a multiple of 476?
True
Does 25 divide 49040688?
False
Is 13177857 a multiple of 14?
False
Is 92 a factor of 317860?
True
Is 13670957 a multiple of 2?
False
Is 77297255 a multiple of 316?
False
Is 100 a factor of 15301800?
True
Does 98 divide 481448000?
False
Does 542 divide 46570808?
True
Does 99 divide 303360354?
True
Is 201923259 a multiple of 54?
False
Does 38 divide 3447246?
True
Is 1186 a factor of 409861346?
False
Does 5 divide 6462900?
True
Is 266501862 a multiple of 1266?
True
Does 1422 divide 22103568?
True
Is 6 a factor of 68999276?
False
Is 13 a factor of 209747291?
True
Does 60 divide 528303500?
False
Is 94589741 a multiple of 1009?
False
Is 78 a factor of 7964346?
True
Does 23 divide 46192809?
True
Is 461 a factor of 574616677?
True
Does 28 divide 762358576?
True
Is 10161267 a multiple of 10?
False
Is 557389451 a multiple of 371?
False
Is 56 a factor of 14561680?
True
Is 123019143 a multiple of 7?
False
Is 15 a factor of 72022033?
False
Does 49 divide 49002646?
True
Is 230029770 a multiple of 154?
False
Is 50111161 a multiple of 71?
True
Is 29 a factor of 271754216?
False
Does 203 divide 13338521?
True
Is 91769366 a multiple of 221?
True
Does 7313 divide 692957941?
True
Is 71175 a multiple of 15?
True
Does 234 divide 3517488?
True
Does 357 divide 7720202?
False
Does 54 divide 1320473410?
False
Is 1893758 a multiple of 206?
True
Is 1199004849 a multiple of 63?
True
Does 15 divide 29716323?
False
Is 9172 a factor of 1411790928?
True
Does 48 divide 31981680?
True
Does 163 divide 64447106?
False
Does 30 divide 1235167?
False
Is 16 a factor of 2657523600?
True
Is 19 a factor of 24853659?
False
Is 104061760 a multiple of 40?
True
Is 95 a factor of 198652511?
False
Is 99199000 a multiple of 1180?
False
Is 54224840 a multiple of 72?
False
Is 12 a factor of 14852818?
False
Does 1879 divide 748785135?
False
Does 14 divide 112310228?
False
Does 2026 divide 466488526?
True
Does 273 divide 167196120?
True
Is 103375694 a multiple of 270?
False
Is 4906179872 a multiple of 748?
True
Is 29273475 a multiple of 185?
True
Does 277 divide 2047600406?
False
Is 289370873 a multiple of 711?
False
Does 102 divide 4614813?
False
Is 51 a factor of 176863359?
True
Is 92562522 a multiple of 55?
False
Does 1121 divide 199957152?
False
Is 2220044177 a multiple of 116?
False
Does 35 divide 182290955?
True
Is 34 a factor of 195886172?
True
Is 91875166 a multiple of 4?
False
Is 294 a factor of 5522295786?
True
Does 6 divide 167016741?
False
Does 67 divide 2093412722?
True
Does 10967 divide 859725064?
True
Is 709 a factor of 78749843?
False
Is 145113195 a multiple of 222?
False
Is 117738 a multiple of 6?
True
Does 5 divide 21257135?
True
Is 1311054014 a multiple of 53?
False
Does 276 divide 212185764?
True
Is 136836633 a multiple of 8?
False
Does 171 divide 4619894517?
True
Does 9 divide 493362026?
False
Is 26598764 a multiple of 3013?
True
Is 2763 a factor of 496146384?
True
Does 55 divide 284071095?
True
Is 92321400 a multiple of 453?
True
Is 4257027 a multiple of 59?
True
Is 28849468 a multiple of 3509?
False
Does 135 divide 257198220?
True
Is 850 a factor of 64945100?
True
Does 646 divide 42969982?
True
Is 344 a factor of 143876103?
False
Is 50 a factor of 110809900?
True
Does 2037 divide 920104752?
True
Is 29 a factor of 96233818?
False
Does 62 divide 373751524?
False
Does 100 divide 19484100?
True
Does 295 divide 345024920?
True
Is 352867992 a multiple of 1766?
True
Does 305 divide 12275945?
True
Is 310102452 a multiple of 522?
True
Is 171701079 a multiple of 4191?
True
Is 102 a factor of 222644070?
True
Is 18966843 a multiple of 35?
False
Does 35 divide 664125350?
True
Is 284895654 a multiple of 157?
True
Is 1178 a factor of 242335804?
True
Is 1284635027 a multiple of 13?
True
Does 6 divide 1348922930?
False
Does 7 divide 7497282?
False
Does 937 divide 777006313?
True
Is 109904052 a multiple of 31?
True
Is 5 a factor of 5671044?
False
Is 38 a factor of 35650422?
True
Is 2710179383 a multiple of 181?
False
Does 37 divide 1690380150?
True
Is 4852523872 a multiple of 56?
True
Is 47 a factor of 35599398?
True
Does 19 divide 577711811?
False
Is 6509 a factor of 272266467?
False
Is 8590540 a multiple of 20?
True
Is 509 a factor of 10628938?
True
Does 10 divide 47188700?
True
Is 1688513375 a multiple of 1665?
False
Does 25 divide 23238150?
True
Is 25 a factor of 175784550?
True
Is 261670340 a multiple of 439?
True
Is 79 a factor of 3906237397?
True
Is 604035351 a multiple of 982?
False
Is 676 a factor of 699938512?
True
Is 272293212 a multiple of 37?
True
Is 71010212 a multiple of 812?
True
Is 69035767 a multiple of 1121?
False
Is 8 a factor of 26718744?
True
Is 1083 a factor of 38773500?
False
Is 19215932 a multiple of 678?
False
Does 182 divide 246099672?
True
Is 203 a factor of 230773897?
False
Is 658 a factor of 230803370?
True
Is 82673673 a multiple of 328?
False
Does 61 divide 422364?
True
Is 17 a factor of 21672093?
True
Is 1324 a factor of 94433268?
False
Does 11 divide 7085509035?
True
Does 181 divide 100294453?
True
Is 619 a factor of 96320114?
True
Does 19 divide 21224767?
True
Does 45 divide 114150158?
False
Is 2160 a factor of 70864397?
False
Does 144 divide 146994865?
False
Is 318 a factor of 311376378?
True
Does 5 divide 632655?
True
Is 1022876922 a multiple of 32?
False
Does 13 divide 8103576?
True
Does 3 divide 13803716?
False
Is 10 a factor of 27228340?
True
Is 4959297 a multiple of 1059?
True
Does 256 divide 44167168?
True
Is 83 a factor of 993085621?
True
Is 16 a factor of 14689792?
True
Is 5699524325 a multiple of 517?
True
Is 46394539 a multiple of 1156?
False
Does 93 divide 781393187?
False
Does 104 divide 1570116392?
True
Is 766 a factor of 45363286?
True
Does 121 divide 14287438?
True
Is 4930 a factor of 86772930?
True
Is 21 a factor of 95712834?
True
Does 6 divide 14929866?
True
Does 662 divide 6493239?
False
Is 440 a factor of 1294482045?
False
Is 1151612816 a multiple of 238?
False
Does 701 divide 22368910?
True
Is 17 a factor of 157079310?
False
Is 49299161 a multiple of 1630?
False
Is 191957850 a multiple of 427?
True
Does 294 divide 113491644?
True
Does 305 divide 139592893?
False
Is 91680254 a multiple of 151?
True
Is 176372448 a multiple of 8?
True
Is 143 a factor of 88343002?
False
Is 11 a factor of 111174380?
False
Is 19814876 a multiple of 1013?
False
Is 30 a factor of 108376500?
True
Is 5 a factor of 71537205?
True
Is 1425431487 a multiple of 413?
False
Does 18 divide 954715861?
False
Is 95 a factor of 1687010?
True
Is 344659664 a multiple of 145?
False
Is 266018327 a multiple of 71?
True
Is 1032761685 a multiple of 57?
False
Does 14 divide 27523930?
True
Is 304436916 a multiple of 226?
True
Is 391978080 a multiple of 720?
True
Is 751 a factor of 2909419811?
True
Is 3278 a factor of 1538468769?
False
Is 32570400 a multiple of 20?
True
Does 8758 divide 1774362042?
True
Does 21 divide 28266357?
True
Does 3 divide 40130949?
True
Does 167 divide 43958408?
True
Is 360936193 a multiple of 34?
False
Is 63532552 a multipl